{"id":25701,"date":"2025-11-28T09:15:41","date_gmt":"2025-11-28T08:15:41","guid":{"rendered":"https:\/\/www.immotable.ch\/downloads-basel\/"},"modified":"2025-11-28T09:15:41","modified_gmt":"2025-11-28T08:15:41","slug":"downloads-basel","status":"publish","type":"page","link":"https:\/\/www.immotable.ch\/fr\/downloads-basel\/","title":{"rendered":"Downloads Basel"},"content":{"rendered":"\n<h2 class=\"wp-block-heading\">Referate des 107. immoTable Basel<\/h2>\n\n\n\n<figure class=\"wp-block-table is-style-stripes bag-table\"><table><tbody><tr><td><strong>Christof Kl\u00f6pper<\/strong>, CEO Basel Area Business &amp; Innovation<br><em>Life Sciences Supercluster<\/em><\/td><td class=\"has-text-align-left\" data-align=\"left\"><a href=\"https:\/\/www.immotable.ch\/wp-content\/uploads\/2025\/11\/Christof_Kloepper_Praesentation-Basel-Area-fuer-ImmoTable.pdf\" target=\"_blank\" rel=\"noopener\" title=\"\">PDF<\/a><\/td><\/tr><tr><td><strong>Julian Kamasa<\/strong>, Leiter Unternehmenspflege a.i. \/ Verantwortlicher Wirtschaftsfl\u00e4chen, Kanton Basel-Stadt<br><em>Standortf\u00f6rderung im Wandel<\/em><\/td><td class=\"has-text-align-left\" data-align=\"left\"><a href=\"https:\/\/www.immotable.ch\/wp-content\/uploads\/2025\/11\/ImmoTable-Praesentation-AWA_Julian_Kamasa.pdf\" target=\"_blank\" rel=\"noopener\" title=\"\">PDF<\/a><\/td><\/tr><tr><td><strong>Marko Kern<\/strong>, Gesamtprojektleiter, SBB Infrastruktur<br><strong>Marc F\u00e9vrier<\/strong>, Projektleiter, Kanton Basel-Stadt<br><em>Neue Margarethenbr\u00fccke &amp; Perronzugang Margarethen<\/em><\/td><td class=\"has-text-align-left\" data-align=\"left\"><a href=\"https:\/\/www.immotable.ch\/wp-content\/uploads\/2025\/11\/BSW_UE_PR_251127_Immoinvest_SBB.pdf\" target=\"_blank\" rel=\"noopener\" title=\"\">PDF<\/a><\/td><\/tr><tr><td><strong><strong>Isabel Gehrer<\/strong><\/strong>,\u00a0Head of Future Lab, pom+Consulting AG<br><em>Zukunftstreiber im Bau- und Geb\u00e4udesektor<\/em><\/td><td class=\"has-text-align-left\" data-align=\"left\"><a href=\"https:\/\/www.immotable.ch\/wp-content\/uploads\/2025\/11\/ImmoTable_Immobranche-im-Wandel-20251127.pdf\" target=\"_blank\" rel=\"noopener\" title=\"\">PDF<\/a><\/td><\/tr><tr><td><strong><strong><strong>Mara Schlumpf<\/strong><\/strong><\/strong>,\u00a0Gesch\u00e4ftsf\u00fchrerin, Real Estate Award AG<br><em>Intro<\/em><\/td><td class=\"has-text-align-left\" data-align=\"left\"><a href=\"https:\/\/www.immotable.ch\/wp-content\/uploads\/2025\/11\/Mara_Immotable_4_2025.pdf\" target=\"_blank\" rel=\"noopener\" title=\"\">PDF<\/a><\/td><\/tr><\/tbody><\/table><\/figure>\n","protected":false},"excerpt":{"rendered":"Referate des 107. immoTable Basel Christof Kl\u00f6pper, CEO Basel Area Business &amp; InnovationLife Sciences Supercluster PDF Julian Kamasa, Leiter Unternehmenspflege a.i. \/ Verantwortlicher Wirtschaftsfl\u00e4chen, Kanton Basel-StadtStandortf\u00f6rderung im Wandel PDF Marko Kern, Gesamtprojektleiter, SBB InfrastrukturMarc F\u00e9vrier, Projektleiter, Kanton Basel-StadtNeue Margarethenbr\u00fccke &amp; Perronzugang Margarethen PDF Isabel Gehrer,\u00a0Head of Future Lab, pom+Consulting AGZukunftstreiber im Bau- und Geb\u00e4udesektor PDF&#8230; <a class=\"view-article\" href=\"https:\/\/www.immotable.ch\/fr\/downloads-basel\/\">Voir l&rsquo;article<\/a>","protected":false},"author":1,"featured_media":0,"parent":24146,"menu_order":0,"comment_status":"closed","ping_status":"closed","template":"","meta":{"inline_featured_image":false,"_monsterinsights_skip_tracking":false,"_monsterinsights_sitenote_active":false,"_monsterinsights_sitenote_note":"","_monsterinsights_sitenote_category":0,"footnotes":""},"class_list":["post-25701","page","type-page","status-publish","hentry"],"acf":[],"aioseo_notices":[],"_links":{"self":[{"href":"https:\/\/www.immotable.ch\/fr\/wp-json\/wp\/v2\/pages\/25701","targetHints":{"allow":["GET"]}}],"collection":[{"href":"https:\/\/www.immotable.ch\/fr\/wp-json\/wp\/v2\/pages"}],"about":[{"href":"https:\/\/www.immotable.ch\/fr\/wp-json\/wp\/v2\/types\/page"}],"author":[{"embeddable":true,"href":"https:\/\/www.immotable.ch\/fr\/wp-json\/wp\/v2\/users\/1"}],"replies":[{"embeddable":true,"href":"https:\/\/www.immotable.ch\/fr\/wp-json\/wp\/v2\/comments?post=25701"}],"version-history":[{"count":0,"href":"https:\/\/www.immotable.ch\/fr\/wp-json\/wp\/v2\/pages\/25701\/revisions"}],"up":[{"embeddable":true,"href":"https:\/\/www.immotable.ch\/fr\/wp-json\/wp\/v2\/pages\/24146"}],"wp:attachment":[{"href":"https:\/\/www.immotable.ch\/fr\/wp-json\/wp\/v2\/media?parent=25701"}],"curies":[{"name":"wp","href":"https:\/\/api.w.org\/{rel}","templated":true}]}}

<h2 class="wp-block-heading">Referate des 107. immoTable Basel</h2>



<figure class="wp-block-table is-style-stripes bag-table"><table><tbody><tr><td><strong>Christof Klöpper</strong>, CEO Basel Area Business &amp; Innovation<br><em>Life Sciences Supercluster</em></td><td class="has-text-align-left" data-align="left"><a href="https://www.immotable.ch/wp-content/uploads/2025/11/Christof_Kloepper_Praesentation-Basel-Area-fuer-ImmoTable.pdf" target="_blank" rel="noopener" title="">PDF</a></td></tr><tr><td><strong>Julian Kamasa</strong>, Leiter Unternehmenspflege a.i. / Verantwortlicher Wirtschaftsflächen, Kanton Basel-Stadt<br><em>Standortförderung im Wandel</em></td><td class="has-text-align-left" data-align="left"><a href="https://www.immotable.ch/wp-content/uploads/2025/11/ImmoTable-Praesentation-AWA_Julian_Kamasa.pdf" target="_blank" rel="noopener" title="">PDF</a></td></tr><tr><td><strong>Marko Kern</strong>, Gesamtprojektleiter, SBB Infrastruktur<br><strong>Marc Février</strong>, Projektleiter, Kanton Basel-Stadt<br><em>Neue Margarethenbrücke &amp; Perronzugang Margarethen</em></td><td class="has-text-align-left" data-align="left"><a href="https://www.immotable.ch/wp-content/uploads/2025/11/BSW_UE_PR_251127_Immoinvest_SBB.pdf" target="_blank" rel="noopener" title="">PDF</a></td></tr><tr><td><strong><strong>Isabel Gehrer</strong></strong>, Head of Future Lab, pom+Consulting AG<br><em>Zukunftstreiber im Bau- und Gebäudesektor</em></td><td class="has-text-align-left" data-align="left"><a href="https://www.immotable.ch/wp-content/uploads/2025/11/ImmoTable_Immobranche-im-Wandel-20251127.pdf" target="_blank" rel="noopener" title="">PDF</a></td></tr><tr><td><strong><strong><strong>Mara Schlumpf</strong></strong></strong>, Geschäftsführerin, Real Estate Award AG<br><em>Intro</em></td><td class="has-text-align-left" data-align="left"><a href="https://www.immotable.ch/wp-content/uploads/2025/11/Mara_Immotable_4_2025.pdf" target="_blank" rel="noopener" title="">PDF</a></td></tr></tbody></table></figure>

Referate des 107. immoTable Basel Christof Klöpper, CEO Basel Area Business &amp; InnovationLife Sciences Supercluster PDF Julian Kamasa, Leiter Unternehmenspflege a.i. / Verantwortlicher Wirtschaftsflächen, Kanton Basel-StadtStandortförderung im Wandel PDF Marko Kern, Gesamtprojektleiter, SBB InfrastrukturMarc Février, Projektleiter, Kanton Basel-StadtNeue Margarethenbrücke &amp; Perronzugang Margarethen PDF Isabel Gehrer, Head of Future Lab, pom+Consulting AGZukunftstreiber im Bau- und Gebäudesektor PDF&#8230; <a class="view-article" href="https://www.immotable.ch/fr/downloads-basel/">Voir l&rsquo;article</a>
